- 12 = -0*v + 5*a, -44 = -2*v + 5*a. What are the prime factors of v?
2
Suppose -4*t - 41 + 307 = 3*n, -280 = -4*t + 4*n. What are the prime factors of t?
2, 17
Let r be 7*(-2 + 1)/(-1). Suppose -5*b = -102 + 37. Suppose -b = -f - 3*g, -r = -3*f + 3*g - 4. What are the prime factors of f?
2
Let h be (-13)/(-5) - 4/(-10). Suppose 16 = 6*w - 2*w + n, 8 = -2*n. Suppose -4*r + w = -h*r. List the prime factors of r.
5
Suppose -2*t - 2*s + 44 = 0, 0 = -t + 4*s + 2. What are the prime factors of t?
2, 3
Let w be (-2)/(-9) - 178/(-9). Let k = w + -12. List the prime factors of k.
2
Let d = -76 + 131. Suppose 17 - d = -2*h. List the prime factors of h.
19
Suppose 3*g - 4*i - 143 = 0, -3*g - i + 113 = i. What are the prime factors of g?
41
Let k = 7 - 4. Let r = k - -13. List the prime factors of r.
2
Suppose 2*t + 8 = 0, 4*o - 4*t + 0*t - 32 = 0. Suppose -12*m - 25 = -1. Let i = o + m. What are the prime factors of i?
2
Suppose -8*v + 5*v = 0. Suppose v = -2*k - k + 21. List the prime factors of k.
7
Suppose -f = -6*f, -4*f = 4*v - 8. Suppose 2*q + 5*y - 4 = 49, -4*q = -v*y - 46. List the prime factors of q.
2, 7
Let x(k) = k**3 + 6*k**2 - 2*k + 5. Let m be x(-7). Let z = m + 47. What are the prime factors of z?
17
Suppose -4*g + 40 = c, -c - 11 = -g - 46. List the prime factors of 182/8 - (-9)/c.
23
Suppose -3*b + 5*b - 340 = 0. List the prime factors of b.
2, 5, 17
Let i(l) be the second derivative of 3*l**3/2 + 2*l. Let a be i(-1). Let z = 27 + a. What are the prime factors of z?
2, 3
Suppose 3*u + 41 = g, -41 = -4*g - 4*u + 43. Suppose 5*x + g = 66. List the prime factors of x.
2
Let w be -1*(-2)/(-6)*0. What are the prime factors of w*(-1)/2 + 12?
2, 3
Let y = 602 - 343. List the prime factors of y.
7, 37
Let x(j) = 3*j - 8. Let d be x(9). Suppose 3*s - d - 23 = 0. List the prime factors of s.
2, 7
Let d be 2*(-3 + (3 - 1)). Let u = 13 + d. Suppose 0 = -5*r + 4*x - 1, 4*r - 2*x = 5*r - u. List the prime factors of r.
3
Let r(c) = -c**2 + 2. Let k be r(-2). Let f = k + 2. Suppose f = 3*b + 1 - 10. What are the prime factors of b?
3
Let r(k) = -k**3 + 4*k**2 + 16. What are the prime factors of r(-5)?
241
Suppose 0 = 4*c - 3*m + 32 + 20, -3*c = -5*m + 50. Let z be c*(3 - 7/2). Suppose z*q + 16 = 4*u, 0 = 3*u + 2*q - q - 31. List the prime factors of u.
3
Let k be (-6)/(-2) + (-3)/(-3). List the prime factors of 0 + 13 - 8/k.
11
Let y = 71 + -39. List the prime factors of y.
2
Let u = -80 + 248. What are the prime factors of u?
2, 3, 7
Let z(m) = m**2 + m + 1. Let t(k) = k + 3. Let n be t(-5). Let h be (-6)/(-5)*(-5)/n. List the prime factors of z(h).
13
Suppose -593 + 59 = -2*f. Suppose -4*b - 51 + f = 0. List the prime factors of b.
2, 3
Let y be (24 - 0)*(-1)/(-2). Suppose 4*l + 5 = 5*p, 0*p + 3 = 3*p. Suppose -2*t - 4*i + 6 = l, y = 3*t - 4*i + 3. What are the prime factors of t?
3
Let f(h) = h**2 + h + 50. What are the prime factors of f(-6)?
2, 5
Let p(s) = -s**2 + 4*s**3 - 7*s**3 - 1 + 2*s**3 - s. Let j be p(-2). Suppose 5*a - j = 4*a. What are the prime factors of a?
5
Suppose -2*w + 3*w - 6 = 0. Suppose m + 25 = w*m. Suppose 29 = 5*f - 3*k, -k = m*f + 4 - 41. What are the prime factors of f?
7
Suppose 3*h + 4*u - 18 = 0, -4*u + 4 = -4*h - 0*u. Let i = h - -4. List the prime factors of i.
2, 3
Suppose 134 = 3*b - 25. Suppose b - 5 = 4*r. List the prime factors of r.
2, 3
Suppose -z + 4 = 5*i, 2*z = -0*z + 4*i + 64. List the prime factors of z.
2, 3
Let i(d) be the second derivative of -57*d**5/20 + d**3/6 + d**2/2 - 4*d. Let s be i(-1). Let o = -35 + s. List the prime factors of o.
2, 11
Let x(p) = 3*p**3 - p**2 + 2*p + 8. Let i(l) = -8*l**3 + 3*l**2 - 5*l - 24. Let f(b) = -4*i(b) - 11*x(b). List the prime factors of f(0).
2
Let q be (1 + 0/3)*107. Suppose -y + 3*p = -37, 3*y - 5*p = -0*p + q. List the prime factors of y.
2, 17
Let d be -4 + -2*4/(-8). List the prime factors of (-66)/d - 10/5.
2, 5
Let d = 40 + -12. Let m = d + -20. What are the prime factors of m?
2
Let d = -4 - -4. Let p = d - -5. Suppose -p*o + 4*f = -f - 35, 4*f = -3*o - 14. What are the prime factors of o?
2
Let x be (418/(-33))/(2/3). Let l = -4 - x. What are the prime factors of l?
3, 5
Suppose 54 = 3*b - 0*b. List the prime factors of 3/(-12) - b/(-8).
2
Suppose 0*p - 2 = -p. List the prime factors of p.
2
Suppose 16 = 3*y + 4. Suppose -y*o + 3*o = s - 12, 4*s = 2*o. List the prime factors of o.
2
Let o = -5 + -3. What are the prime factors of o/2 - 450/(-18)?
3, 7
Let t(y) = 12*y. List the prime factors of t(1).
2, 3
Let j(p) be the third derivative of -7/24*p**4 - 2*p**2 + 0 + 3/2*p**3 + 1/60*p**5 + 0*p. What are the prime factors of j(7)?
3
Let u(r) = 7*r**3 - 12*r**2 - 9*r + 23. Let y(w) = 4*w**3 - 6*w**2 - 4*w + 12. Let n(t) = -3*u(t) + 5*y(t). List the prime factors of n(6).
3, 11
Let h(z) = -2*z**3 + 4*z**2 + z + 4. List the prime factors of h(-3).
7, 13
What are the prime factors of (-2 - 431/(-4))*168/63?
2, 3, 47
Let s = 256 - 181. Suppose 5*o + 0*q - s = -q, -2*q - 15 = -o. List the prime factors of o.
3, 5
Let p = -4 - 0. List the prime factors of (-1)/1*(p - 2).
2, 3
Let t(j) = 5*j + 10. Let f be t(8). Suppose -8 = -4*q + 8. Suppose q*g + 2 - f = 0. List the prime factors of g.
2, 3
Let i be -2 + 48 - (0 - 2). Let u = i + -25. What are the prime factors of u?
23
Suppose -70 = -u - 3*p, p - 27 = -u + 37. What are the prime factors of u?
61
Suppose r - 55 = 2*h, 4*h + h = -2*r + 128. What are the prime factors of r?
59
Let o = 4 + 4. Let y = o - 6. Suppose 0 = -m + 3*m + x - 6, -y*x + 17 = 5*m. What are the prime factors of m?
5
Suppose -4*t + 624 = -2*y, t + 5*y - 128 - 17 = 0. What are the prime factors of t?
5, 31
Suppose -6*c + c - m = -68, 58 = 4*c - m. List the prime factors of c.
2, 7
Let n(f) = f - 11. Let y(u) = -3*u + 33. Let p(i) = -7*n(i) - 2*y(i). Let b be p(9). Let a = 13 - b. List the prime factors of a.
11
What are the prime factors of -2 + -1 - 78/(-6)?
2, 5
Let w = -4 - 13. Let r = w - -11. List the prime factors of 27*(1 + r/9).
3
Suppose -5*u + 16 + 1 = 2*x, 3*u - 14 = -5*x. Let h = 12 + x. What are the prime factors of h?
13
Let o = 12 + -4. List the prime factors of o.
2
Let a(u) = u**2 - 4*u + 1. Let n be a(5). Suppose n*i - 15 = 3*i. Suppose 0*p = -2*z + p + 14, -i*z = 5*p - 50. What are the prime factors of z?
2
Let k be 6/(-45) - 536/30. List the prime factors of (-483)/k - (-2)/12.
3
Let o(d) = d**2 + 4*d - 7. Suppose -5*p + x - 27 = 0, 0 = p + 4*p - 3*x + 21. What are the prime factors of o(p)?
5
Let w = -4 - -6. Let f(z) = -2*z**3 - 13*z**2 + 4*z - 8. Let l be f(-7). Suppose -j - l = 5*h, j - 3*h - 27 = w*h. List the prime factors of j.
7
What are the prime factors of (-1)/(2 + 130/(-64))?
2
Let f = -126 + 188. What are the prime factors of f?
2, 31
Let o(x) = -2*x**2 - x - x - 2*x. Let k be o(-3). Let r = 4 - k. List the prime factors of r.
2, 5
Suppose -w + 0*f = -3*f + 6, -4*f = -3*w + 7. Let i = w - -16. List the prime factors of i.
5
Suppose 136 = -7*l + 906. What are the prime factors of l?
2, 5, 11
Suppose 3*n - 4*n - 5 = 0. Let w(v) = v**2 + 7. Let b be w(n). Let q = -19 + b. What are the prime factors of q?
13
Let y(h) = h**2 + 17*h + 12. List the prime factors of y(13).
2, 3, 67
Let x(g) = g**2 - 7*g + 2. Let j be x(7). Suppose -j*u - u = 0. Suppose 2*n = -u*n + 16. What are the prime factors of n?
2
Let z(i) be the second derivative of i**4/12 - 7*i**3/6 + 5*i**2 - 3*i. List the prime factors of z(6).
2
Let x be 1/(((-10)/(-188))/5). Let m be 2/(-6)*x*-3. What are the prime factors of 4/14 + m/14?
7
Let v(s) = 7*s - 12. Let q be v(12). Let d = q + -45. List the prime factors of d.
3
Let b = 35 + 28. List the prime factors of b/6*4/3.
2, 7
Let u(y) = -y**3 + 7*y**2 + y - 7. Let q be u(7). Suppose -p + 0*j = -5*j + 1, q = 3*p + j - 13. What are the prime factors of p?
2
Let s(u) = 5*u - 19. What are the prime factors of s(15)?
2, 7
What are the prime factors of (-28)/49 + (-396)/(-7)?
2, 7
Let f(h) = -3*h - 1. List the prime factors of f(-4).
11
Suppose -64 = -5*r + r. List the prime factors of r.
2
Let l = 4 + -2. Let r be (-2)/4*(-12)/3. Suppose 0 = l*w, -3*f + 5*w = -49 - r. What are the prime factors of f?
17
Let f(j) = -349*j + 1. List the prime factors of f(-1).
2, 5, 7
Let l be 6*24/(-9) + -1. What are the pr